{"id":40,"date":"2025-02-12T05:44:49","date_gmt":"2025-02-12T05:44:49","guid":{"rendered":"https:\/\/pagina.fraterasesores.mx\/?page_id=40"},"modified":"2025-02-12T06:33:21","modified_gmt":"2025-02-12T06:33:21","slug":"40-2","status":"publish","type":"page","link":"https:\/\/pagina.fraterasesores.mx\/","title":{"rendered":"Inicio"},"content":{"rendered":"\n<div class=\"wp-block-group alignfull\"><div class=\"wp-block-group__inner-container is-layout-constrained wp-block-group-is-layout-constrained\">\n<div class=\"wp-block-cover alignfull has-parallax has-small-font-size\" style=\"min-height:676px;aspect-ratio:unset;\"><span aria-hidden=\"true\" class=\"wp-block-cover__background has-background-dim-30 has-background-dim\" style=\"background-color:#423120\"><\/span><div class=\"wp-block-cover__image-background wp-image-12 has-parallax\" style=\"background-position:50% 50%;background-image:url(https:\/\/pagina.fraterasesores.mx\/wp-content\/uploads\/2025\/02\/Captura-de-pantalla-2025-02-11-191042.png)\"><\/div><div class=\"wp-block-cover__inner-container is-layout-constrained wp-block-cover-is-layout-constrained\">\n<p class=\"has-text-align-center has-large-font-size\"><\/p>\n<\/div><\/div>\n<\/div><\/div>\n\n\n\n<div style=\"height:24px\" aria-hidden=\"true\" class=\"wp-block-spacer\"><\/div>\n\n\n\n<div class=\"wp-block-media-text alignfull has-media-on-the-right is-stacked-on-mobile\" style=\"grid-template-columns:auto 38%\"><div class=\"wp-block-media-text__content\">\n<div style=\"height:39px\" aria-hidden=\"true\" class=\"wp-block-spacer\"><\/div>\n\n\n\n<h2 class=\"wp-block-heading\">Frater Asesores Legales<\/h2>\n\n\n\n<div style=\"height:17px\" aria-hidden=\"true\" class=\"wp-block-spacer\"><\/div>\n\n\n\n<p>Contamos con la participaci\u00f3n de profesionales con experiencia en la rama de su especializaci\u00f3n, pone a disposici\u00f3n de sus clientes los recursos necesarios para proporcionar&nbsp;<strong>consultor\u00eda jur\u00eddica integral<\/strong>&nbsp;a fin de gestionar, asesorar, litigar o auditar en cada una de las \u00e1reas que maneja la firma; lo que le permite ofrecer oportunidades en vez de barreras legales y ayudar a encontrar soluciones pr\u00e1cticas y costo-efectivas.<\/p>\n\n\n\n<div style=\"height:17px\" aria-hidden=\"true\" class=\"wp-block-spacer\"><\/div>\n<\/div><figure class=\"wp-block-media-text__media\"><img loading=\"lazy\" decoding=\"async\" width=\"834\" height=\"454\" src=\"https:\/\/pagina.fraterasesores.mx\/wp-content\/uploads\/2025\/02\/Captura-de-pantalla-2025-02-11-192121.png\" alt=\"\" class=\"wp-image-20 size-full\" srcset=\"https:\/\/pagina.fraterasesores.mx\/wp-content\/uploads\/2025\/02\/Captura-de-pantalla-2025-02-11-192121.png 834w, https:\/\/pagina.fraterasesores.mx\/wp-content\/uploads\/2025\/02\/Captura-de-pantalla-2025-02-11-192121-300x163.png 300w, https:\/\/pagina.fraterasesores.mx\/wp-content\/uploads\/2025\/02\/Captura-de-pantalla-2025-02-11-192121-768x418.png 768w\" sizes=\"auto, (max-width: 834px) 100vw, 834px\" \/><\/figure><\/div>\n\n\n\n<p><\/p>\n","protected":false},"excerpt":{"rendered":"","protected":false},"author":1,"featured_media":0,"parent":0,"menu_order":0,"comment_status":"closed","ping_status":"closed","template":"","meta":{"footnotes":""},"class_list":["post-40","page","type-page","status-publish","hentry"],"_links":{"self":[{"href":"https:\/\/pagina.fraterasesores.mx\/index.php?rest_route=\/wp\/v2\/pages\/40","targetHints":{"allow":["GET"]}}],"collection":[{"href":"https:\/\/pagina.fraterasesores.mx\/index.php?rest_route=\/wp\/v2\/pages"}],"about":[{"href":"https:\/\/pagina.fraterasesores.mx\/index.php?rest_route=\/wp\/v2\/types\/page"}],"author":[{"embeddable":true,"href":"https:\/\/pagina.fraterasesores.mx\/index.php?rest_route=\/wp\/v2\/users\/1"}],"replies":[{"embeddable":true,"href":"https:\/\/pagina.fraterasesores.mx\/index.php?rest_route=%2Fwp%2Fv2%2Fcomments&post=40"}],"version-history":[{"count":13,"href":"https:\/\/pagina.fraterasesores.mx\/index.php?rest_route=\/wp\/v2\/pages\/40\/revisions"}],"predecessor-version":[{"id":60,"href":"https:\/\/pagina.fraterasesores.mx\/index.php?rest_route=\/wp\/v2\/pages\/40\/revisions\/60"}],"wp:attachment":[{"href":"https:\/\/pagina.fraterasesores.mx\/index.php?rest_route=%2Fwp%2Fv2%2Fmedia&parent=40"}],"curies":[{"name":"wp","href":"https:\/\/api.w.org\/{rel}","templated":true}]}}